s (9 + -3 - 4) + (-8 + 7 - 8)?
-7
Calculate (50 - (-15 + (3 - -10) + -15)) + 2.
69
What is the value of (-43 + 2 - -56) + 0 + -16 + 74 + -12?
61
What is the value of 16 + (26 + -12 - (20 + (-6 - -13)))?
3
What is the value of 13 + -13 + -11 - (4 + (63 - 10))?
-68
(2 - 0) + (-112 + 50 - -60)
0
285 - 347 - (15 + 2)
-79
77 + 0 - (-59 + 280 - 199)
55
Calculate 3 + (-2 - -1 - -4) - (452 + -441).
-5
Calculate -3 + 1 + -10 + 61 + 6 + 1 + 0.
56
(3 - 0 - -12) + (36 - 42) + 19
28
Evaluate 29 - 17 - (60 + -23).
-25
Evaluate 65 - (-59 - (-166 + -22)).
-64
What is (-36 + 2 + 3 - (-6 + -14 + 8)) + 10?
-9
Evaluate 62 + 1 - (-1495 - -1535).
23
What is (561 - 586) + -4 + (-4 - 32)?
-65
Evaluate (20 - 0) + (-32 - -41).
29
Calculate 0 + (-1 - 2 - 1) - (12607 + -12605).
-6
Calculate -33 + 62 + -53 + -10.
-34
What is (20 + -22 - -2) + 5?
5
Evaluate (13 - (24 + -4)) + (0 - (-57 + 0)).
50
8 + ((2 - 2) + -4 + -6 - 37)
-39
What is 3 + (43 - 1 - (115 + -52 + -49)) - -13?
44
Calculate -10 + (-1 - -42) + (311 - 315).
27
What is the value of (39 + -21 - 130) + -3 + (-4 - -14)?
-105
4 - (10 + -22 + 29 + -4) - (-4 + 1)
-6
Calculate 0 + (-10 - 3 - -9 - (7 + -18)) + -69.
-62
-12 + (1 - -1) + -4379 + 4342
-47
Evaluate 5967 + -6047 + (0 - -46).
-34
What is 33 + 8 + -109 - (-4 - -10 - 6)?
-68
Calculate -4 + -3 + 9 - (-47 - 4 - (-27 - -11)).
37
Calculate (38 + -16 + -15 - -3) + -84 + 0 + 2.
-72
6 + (-151 - (-17 - 38) - (3 - 2))
-91
Evaluate 7 + -9 + ((1 - (0 - -3)) + -25 - 3).
-32
Calculate (-2 - -3 - (21 - -102 - 124)) + (-1 - 2).
-1
Calculate -1 + -1 + 2 + -10 + (-19 - -2) + 6.
-21
What is 0 + -3 + -58 + 46 - -25?
10
28 - (56 + -35 - -35)
-28
Calculate (11 + -1 + -2 - (-3 + 0)) + 917 + -915.
13
Calculate -95 + -7 + 64 + 81.
43
Evaluate -39 - (-10 + (5 - 11)) - -11 - (1 - -64).
-77
Calculate (-5 - (6 - 19 - (-10 + 2))) + 31.
31
Calculate -66 + 46 - (12 - -3) - 0.
-35
What is the value of 18 + (-3 - (-56 - -21 - 7))?
57
What is the value of 6 - ((3 - -20) + (-27 - -32) + 9)?
-31
Calculate 34 + 7 - (-130 - -174).
-3
(0 - -1) + (-1 - 1) + (24 - 38 - -67)
52
What is (-4 - 10 - (-23 - -78)) + -12 - 2?
-83
-48 - (-34 + 32 + -15) - -83
52
Calculate -5 + -5 + 15 + 7 + -11 - (15 + 2).
-16
Calculate (0 - (7 - 12)) + (3 + -1 - 1).
6
Evaluate -16 - ((-16 - 34) + -1).
35
What is (-20 - (5 - (1 - (6 - 10)) - 11)) + 80?
71
What is -454 + 340 - (-151 + -19)?
56
(-14 - (17 - 31) - 24) + -12
-36
What is the value of (59 - 31 - 47) + (10 - -3) + 8?
2
(-59 - -92) + 2 + -18 + -58
-41
(74 - -1) + (-2423 - -2345)
-3
2 + (10 - (-6 + -12 + -2 - 0))
32
What is (-62 + (4 - 3) + 1 - -3) + (-236 - -235)?
-58
What is 29 - (24 + 12 + -19) - (-18 - 6)?
36
Evaluate -154 + 2 + (32 + -66 - -75).
-111
Evaluate (44 + -12 + -13 - (8 - 10)) + -7.
14
Calculate 0 + 9 + -106 + (4 - -18 - (-12 - -44)).
-107
Calculate -11 + 7 + 14 + 1 + -12.
-1
What is the value of -12 - -36 - (15 - (31 + 7))?
47
(14 - 2) + (130 - 130) + (-16 + 13 - 73)
-64
-20 + 7 - (42 - 10)
-45
Evaluate -85 + 153 + 41 - (2 + (-14 - 3 - -2)).
122
Calculate -50 - (1 + 10) - (6 + -2 - -9).
-74
Calculate -65 + -85 + 130 - (105 + -6).
-119
Calculate (126 - 86) + 0 + 26.
66
(27 - (26 - (8 - -3))) + -9 - (4 + 0)
-1
Calculate -2 + 4 + 3 - (-251 - -322) - (-1 + 8).
-73
What is the value of (-123 - -59) + 51 - -58?
45
Calculate 6 - (-3 + 10 + 6) - (5 + (4 - -21)).
-37
What is -42 + 37 - (-2 + (-2 - -12) + -97 + 104)?
-20
Evaluate -3 + (-8 - -21) + 35 + -29.
16
Calculate -20 + 4 - (7 - (0 - -57) - 19).
53
-11 + (59 - (9 - (2 - (-4 + 0 + 1))))
44
Evaluate 11 + (-29 - (12 - (-2 + -21 + 55))).
2
What is 240 - 231 - ((-23 - (2 + 0)) + -1)?
35
Evaluate -9 + (1 + 3 - (-18 - -30)) + -15.
-32
Calculate (56 - 25 - -8) + -21.
18
What is 45 + 2 - (-91 + 140)?
-2
Calculate (22 - 1) + -38 + -32 - (-1 + 2).
-50
Calculate -133 + 129 + -1 + -9 - 31.
-45
What is 38 + (58 - (128 + -120))?
88
What is (-111 + 107 - (1 + 83 - 3)) + 7 + 2?
-76
Calculate 14 + (-14 + 40 - 14 - -10).
36
What is 0 + -2 + 3 + 1 + -8 + (-108 - -160)?
46
Calculate (-3 - (-2 - -1)) + 32 + (1633 - 1627).
36
What is the value of 25 - ((33 - 59) + 37)?
14
What is (2 - (0 + 26)) + -4055 + 4088?
9
Calculate 17 - -6 - (-34 + 252 + -78).
-117
Calculate -52 + 27 + 29 + -10 + (-8 - (114 - -2)).
-130
(11 - 28 - -8 - 4 - -20) + -49
-42
(40 - -2) + (-355 - -375 - (0 - -10))
52
What is 17 + (11 + 0 + 0 - (2419 + -2395))?
4
Evaluate 16 - ((-11 - 76) + (21 - 22) - 3).
107
-23 + (1 - (-65 + 29))
14
What is the value of 41 - 1 - (-353 + 412)?
-19
Calculate 24 - (-114 - (27 + -259)).
-94
Calculate (-21 - -42 - 42) + (2 - 1).
-20
(-32 + 20 - -66) + (87 - 60)
81
What is (-1 - -21 - (-60 + 90)) + -81?
-91
What is 10 - (37 + -39 + 17)?
-5
(-8 + 14 - 1) + -9 - 5 - -14
5
What is the value of 0 - -32 - ((-4 - -36) + -11)?
11
What is the value of -2 + 1 + 10 + (6 - 33 - 17)?
-35
What is the value of (-189 + 132 - -49) + (-6 - 2)?
-16
What is -6 + 5 - 25 - -36?
10
17 - 2 - (102 - 82)
-5
What is the value of (2 - (18 - -8)) + (-21 - -8)?
-37
Calculate -37 - ((-6 + 8 - 11) + 0 - -12 - 14).
-26
What is the value of 82 - (0 - (-26 - (-19 - -27)))?
48
Calculate -1302 + 1362 - (15 - (-1 + 1 + 2)).
47
17 + (-7 - -10) + -8 + (135 - 144)
3
What is 489 - 478 - (-2 - -52 - -6)?
-45
6 - 8 - ((5 - 1) + 1 + -19)
12
What is the value of -12 + (27 - (-9 - 29)) + -26?
27
Evaluate -57 - (-53 - (-15 + -11 + -2)).
-32
What is the value of 1 - -4 - (15 + (5 - 2) + 34) - 11?
-58
What is the value of -46 + (-1 + 5 - 24 - -24)?
-42
Evaluate 70 + (-101 - (-20 + -34)).
23
Calculate -15 - -32 - 21 - (3 + 2 + -10 + 3).
-2
Evaluate 20 - (((-12 - -1) + 4 - -17) + 5).
5
-53301 + 53335 - ((-26 - -1) + 2)
57
What is the value of (-18 - (-27 + 90 + -28)) + 26?
-27
What is the value of -6 + (-29 - -11) + 57?
33
What is 50 - (-50 + 147) - 9?
-56
Calculate -369 + 398 + (44 - -5).
78
52 + 20 + -97 - -8
-17
1 + (0 - 25) + -2 + 5 + -6
-27
41 + -1 + (7 - -6) + -6 + -5
42
What is 3 - 69 - (18 - 95 - -87)?
-76
What is the value of -13 + (1 - 31 - -18) + 54?
29
What is -11 + (38 - (40 + -18))?
5
Calculate 47 - ((-65 - -44) + (17 - 0)).
51
What is -20 - (528 + -565 + 14 + -1)?
4
Evaluate 96 - (-70 - (-141 - -74)).
99
Calculate (1 - 0) + 5 + -15 + (53 - 42).
2
Calculate (-3 + 63 + -22 - 22) + -121.
-105
Calculate -100 - (-189 - -97) - (-1 + 18).
-25
Calculate 36 - -150 - (28 + 49).
109
What is the value of 3033 - 3079 - (2 - 43)?
-5
(-87 - 0) + 8 + -15 + 0 + -2 + 7
-89
Evaluate -27 + (-29 + 7 - -31) + -92.
-110
What is the value of -1181 + 1190 + -43 + -2?
-36
What is the value of -5 + 4 + (-18 - (-5 - 3)) + 36 + 5?
30
What is (-71 - -24) + 30 + 5 - -7?
-5
What is 76 - (52 + (14 - 41))?
51
What is the value of -48 - (9 - (-42 - (23 - 41)))?
-81
What is 43 + -82 - (-22 - 0)?
-17
-12 - (-47 - -69) - (3 - -3)
-40
Calculate 141 - (-78 + 167 + -85).
137
What is the value of 7 - -1 - (644 - 588) - (2 - (-2 + 5))?
-47
Evaluate 27 - (147 - (160 - 111)).
-71
Evaluate 31 - (-5 + (-13 - (-13 + (17 - 14)))).
39
What is (24 - (-51 - -69) - (0 + 74)) + (18 - 8)?
-58
Calculate 3 - (36 - (11 - 10)) - -16.
-16
What is the value of 30 + -17 + -16 + (5 - (-2 - -2)) + -5?
-3
Evaluate -7 + 2 + (4 - 6 - -24) + -19 + -68.
-70
What is -110 - 33 - (112 + -196)?
-59
Evaluate 5 - (-2 + 35 + -93 + 87 - (-1 - -8)).
-15
(20 - (1 - 12) - 15) + 25
41
What is -2 - ((-7 - 4 - -20) + 5)?
-16
Calculate (-3 - -7 - 2) + -105 + 144.
41
What is the value of -20 + 32 - (-6 + 7 + -8 + -14)?
33
-1 + (11 - 2) - ((-7 - 61) + 76) - 18
-18
Evaluate (-1 - 0 - 0) + -9 + -7 + (-101 - -73).
-45
Calculate (29 + (1 - 10) - (1 - -7)) + 11.
23
What is 8 + (-55 - (26 + -33) - 14)?
-54
26 - -8 - ((-20 - (55 - 31)) + 29)
49
What is (-59 - -15) + (14 - 26) + 2 + -1?
-55
(50882 - 50865) + -111 + (3 - 2)
-93
Calculate -16 + 29 + -23 - 10.
-20
What is the value of 27 - 0 - (14 - 2) - (-31 - (2 - 14))?
34
What is 10 - (-1 - 10) - -10 - -13?
44
What is -19 - (-52 - -29 - -2)?
2
(-625 - -632) + (1 + 80 + 8 - (-2 + -4))
102
-277 - -274 - (-75 + (-7 - 0))
79
Evaluate (-1 - -26) + -1 - ((12 - 34) + 10 + 24).
12
What is -34 + -1 + 25 + (36 - 19) + -34 + 6?
-21
Evaluate (6 - -7) + 18 - (7 + -4) - 1.
27
What is the value of ((4 - 9) + 5 + -7 - 34) + 13?
-28
What is 5 + (-81 + (-1 - -86) - (-1 - -1))?
9
What is the value of (-117 - -87) + 15 + 54